{"id":2292,"date":"2022-05-10T11:38:06","date_gmt":"2022-05-10T11:38:06","guid":{"rendered":"https:\/\/montenero53.com\/legal-notes\/"},"modified":"2022-06-09T12:47:20","modified_gmt":"2022-06-09T10:47:20","slug":"legal-notes","status":"publish","type":"page","link":"https:\/\/montenero53.com\/en\/legal-notes\/","title":{"rendered":"Note Legali"},"content":{"rendered":"<h2>INFORMAZIONI AZIENDALI<\/h2>\n<p><strong>Ragione sociale:<\/strong>\u00a0Imaf-Felco spa a socio unico. Societ\u00e0 soggetta a direzione e coordinamento di Felco Group Spa<br \/>\n<strong>Sede legale:<\/strong>\u00a0via Scalabrini, 100 \u2013 22100 Como<br \/>\n<strong>Partita IVA:<\/strong>\u00a003167690134<br \/>\n<strong>REA:<\/strong>\u00a0CO-299713<br \/>\n<strong>Capitale sociale:<\/strong>\u00a0\u20ac 2.500.000,00 INT. VERS.<\/p>\n<p>&nbsp;<\/p>\n<p>&nbsp;<\/p>\n<h2>ESCLUSIONE DI RESPONSABILIT\u00c0<\/h2>\n<p>Lo staff di IMAT FELCO S.p.a. si applica per garantire la completezza e la correttezza dell\u2019informazione presente su questo sito internet; tuttavia potrebbero essere presenti errori, inesattezze o informazioni non aggiornate per le quali non ci si assume responsabilit\u00e0. Qualora dovessero essere segnalati degli errori, si provveder\u00e0 a correggerli.<\/p>\n<p>I contenuti del sito:<\/p>\n<ul>\n<li>possono non essere esaurienti, completi, precisi o aggiornati;<\/li>\n<li>possono avere collegamenti a siti esterni sui quali IMAT FELCO S.p.a. non pu\u00f2 esercitare alcun controllo e per i quali non assume alcuna responsabilit\u00e0.<\/li>\n<\/ul>\n<p>Non \u00e8 possibile garantire l\u2019esatta rispondenza di eventuali testi contenenti riferimenti normativi. Pertanto, ai fini legali, gli unici testi validi restano quelli pubblicati sulla Gazzetta Ufficiale o sugli organi ufficiali, che prevalgono in caso di discordanza.<\/p>\n<p>IMAT FELCO S.p.a. non si assume alcuna responsabilit\u00e0 in merito ad eventuali problemi che possano insorgere per effetto dell\u2019utilizzazione del sito o di eventuali siti esterni ad esso collegati.<\/p>\n<p>La presente clausola di esclusione di responsabilit\u00e0 non ha lo scopo di eludere il rispetto di requisiti prescritti dalla legislazione nazionale vigente, n\u00e9 di escludere la responsabilit\u00e0 nei casi per i quali essa sussiste ai sensi della stessa legislazione.<\/p>\n<p><em>Lo Staff di IMAT FELCO S.p.a.<\/em><\/p>\n<p>&nbsp;<\/p>\n<h2>DATI DI NAVIGAZIONE<\/h2>\n<p>I sistemi informatici e gli applicativi dedicati al funzionamento di questo sito web rilevano, nel corso del loro normale funzionamento, alcuni dati (la cui trasmissione \u00e8 implicita nell\u2019uso dei protocolli di comunicazione di Internet) non associati a Utenti direttamente identificabili.<\/p>\n<p>Tra i dati raccolti sono compresi gli indirizzi IP e i nomi di dominio dei computer utilizzati dagli Utenti che si connettono al sito, gli indirizzi in notazione URI (Uniform Resource Identifier) delle risorse richieste, l\u2019orario della richiesta, il metodo utilizzato nel sottoporre la richiesta al server, la dimensione del file ottenuto in risposta, il codice numerico indicante lo stato della risposta data dal server (buon fine, errore, ecc.) ed altri parametri riguardanti il sistema operativo e l\u2019ambiente informatico utilizzato dall\u2019Utente. Questi dati vengono trattati, per il tempo strettamente necessario, al solo fine di ricavare informazioni statistiche anonime sull\u2019uso del sito e per controllarne il regolare funzionamento.<\/p>\n<p>Dati forniti volontariamente dall\u2019utente \u2013 L\u2019invio volontario ed esplicito di posta elettronica agli indirizzi indicati nei differenti canali di accesso di questo sito e la compilazione di form specificamente predisposti comportano la successiva acquisizione dell\u2019indirizzo e dei dati del mittente\/utente, necessari per rispondere alle istanze prodotte e\/o erogare il servizio richiesto. Specifiche informative di sintesi saranno riportate o visualizzate nelle pagine del sito predisposte per particolari servizi a richiesta. L\u2019utente dovr\u00e0 pertanto acconsentire esplicitamente all\u2019utilizzo dei dati riportati in questi form per poter inviare la richiesta.<\/p>\n<div style=\"text-align:left\"><div id=\"masteqr-post\"><\/div><\/div>\r\n        <script>\r\n        function masteqrPost(){\r\n       new QRCode(document.getElementById(\"masteqr-post\"), {\r\n                text: \"https:\/\/montenero53.com\/en\/legal-notes\/\",\r\n                width: 200,\r\n                height: 200,\r\n                dotScale: \"0.5\",\r\n\r\n        });\r\n\r\n    }masteqrPost();\r\n    <\/script>","protected":false},"excerpt":{"rendered":"<p>INFORMAZIONI AZIENDALI Ragione sociale:\u00a0Imaf-Felco spa a socio unico. Societ\u00e0 soggetta a direzione e coordinamento di Felco Group Spa Sede legale:\u00a0via Scalabrini, 100 \u2013 22100 Como Partita IVA:\u00a003167690134 REA:\u00a0CO-299713 Capitale sociale:\u00a0\u20ac 2.500.000,00 INT. VERS. &nbsp; &nbsp; ESCLUSIONE DI RESPONSABILIT\u00c0 Lo staff di IMAT FELCO S.p.a. si applica per garantire la completezza e la correttezza dell\u2019informazione presente [&hellip;]<\/p>\n","protected":false},"author":1,"featured_media":0,"parent":0,"menu_order":0,"comment_status":"closed","ping_status":"closed","template":"","meta":[],"acf":[],"yoast_head":"<!-- This site is optimized with the Yoast SEO plugin v19.2 - https:\/\/yoast.com\/wordpress\/plugins\/seo\/ -->\n<title>Note Legali - Montenero 53<\/title>\n<meta name=\"robots\" content=\"index, follow, max-snippet:-1, max-image-preview:large, max-video-preview:-1\" \/>\n<link rel=\"canonical\" href=\"https:\/\/montenero53.com\/en\/legal-notes\/\" \/>\n<meta property=\"og:locale\" content=\"en_US\" \/>\n<meta property=\"og:type\" content=\"article\" \/>\n<meta property=\"og:title\" content=\"Note Legali - Montenero 53\" \/>\n<meta property=\"og:description\" content=\"INFORMAZIONI AZIENDALI Ragione sociale:\u00a0Imaf-Felco spa a socio unico. Societ\u00e0 soggetta a direzione e coordinamento di Felco Group Spa Sede legale:\u00a0via Scalabrini, 100 \u2013 22100 Como Partita IVA:\u00a003167690134 REA:\u00a0CO-299713 Capitale sociale:\u00a0\u20ac 2.500.000,00 INT. VERS. &nbsp; &nbsp; ESCLUSIONE DI RESPONSABILIT\u00c0 Lo staff di IMAT FELCO S.p.a. si applica per garantire la completezza e la correttezza dell\u2019informazione presente [&hellip;]\" \/>\n<meta property=\"og:url\" content=\"https:\/\/montenero53.com\/en\/legal-notes\/\" \/>\n<meta property=\"og:site_name\" content=\"Montenero 53\" \/>\n<meta property=\"article:modified_time\" content=\"2022-06-09T10:47:20+00:00\" \/>\n<meta name=\"author\" content=\"MN_admin\" \/>\n<meta name=\"twitter:card\" content=\"summary_large_image\" \/>\n<meta name=\"twitter:label1\" content=\"Est. reading time\" \/>\n\t<meta name=\"twitter:data1\" content=\"2 minutes\" \/>\n<script type=\"application\/ld+json\" class=\"yoast-schema-graph\">{\"@context\":\"https:\/\/schema.org\",\"@graph\":[{\"@type\":\"Organization\",\"@id\":\"https:\/\/montenero53.com\/#organization\",\"name\":\"Montenero53\",\"url\":\"https:\/\/montenero53.com\/\",\"sameAs\":[],\"logo\":{\"@type\":\"ImageObject\",\"inLanguage\":\"en-US\",\"@id\":\"https:\/\/montenero53.com\/#\/schema\/logo\/image\/\",\"url\":\"https:\/\/montenero53.com\/wp-content\/uploads\/2022\/05\/cropped-favicon.png\",\"contentUrl\":\"https:\/\/montenero53.com\/wp-content\/uploads\/2022\/05\/cropped-favicon.png\",\"width\":512,\"height\":512,\"caption\":\"Montenero53\"},\"image\":{\"@id\":\"https:\/\/montenero53.com\/#\/schema\/logo\/image\/\"}},{\"@type\":\"WebSite\",\"@id\":\"https:\/\/montenero53.com\/#website\",\"url\":\"https:\/\/montenero53.com\/\",\"name\":\"Montenero 53\",\"description\":\"Showroom illuminazione e lighting a Milano\",\"publisher\":{\"@id\":\"https:\/\/montenero53.com\/#organization\"},\"potentialAction\":[{\"@type\":\"SearchAction\",\"target\":{\"@type\":\"EntryPoint\",\"urlTemplate\":\"https:\/\/montenero53.com\/?s={search_term_string}\"},\"query-input\":\"required name=search_term_string\"}],\"inLanguage\":\"en-US\"},{\"@type\":\"WebPage\",\"@id\":\"https:\/\/montenero53.com\/en\/legal-notes\/#webpage\",\"url\":\"https:\/\/montenero53.com\/en\/legal-notes\/\",\"name\":\"Note Legali - Montenero 53\",\"isPartOf\":{\"@id\":\"https:\/\/montenero53.com\/#website\"},\"datePublished\":\"2022-05-10T11:38:06+00:00\",\"dateModified\":\"2022-06-09T10:47:20+00:00\",\"breadcrumb\":{\"@id\":\"https:\/\/montenero53.com\/en\/legal-notes\/#breadcrumb\"},\"inLanguage\":\"en-US\",\"potentialAction\":[{\"@type\":\"ReadAction\",\"target\":[\"https:\/\/montenero53.com\/en\/legal-notes\/\"]}]},{\"@type\":\"BreadcrumbList\",\"@id\":\"https:\/\/montenero53.com\/en\/legal-notes\/#breadcrumb\",\"itemListElement\":[{\"@type\":\"ListItem\",\"position\":1,\"name\":\"Home\",\"item\":\"https:\/\/montenero53.com\/en\/\"},{\"@type\":\"ListItem\",\"position\":2,\"name\":\"Note Legali\"}]}]}<\/script>\n<!-- \/ Yoast SEO plugin. -->","yoast_head_json":{"title":"Note Legali - Montenero 53","robots":{"index":"index","follow":"follow","max-snippet":"max-snippet:-1","max-image-preview":"max-image-preview:large","max-video-preview":"max-video-preview:-1"},"canonical":"https:\/\/montenero53.com\/en\/legal-notes\/","og_locale":"en_US","og_type":"article","og_title":"Note Legali - Montenero 53","og_description":"INFORMAZIONI AZIENDALI Ragione sociale:\u00a0Imaf-Felco spa a socio unico. Societ\u00e0 soggetta a direzione e coordinamento di Felco Group Spa Sede legale:\u00a0via Scalabrini, 100 \u2013 22100 Como Partita IVA:\u00a003167690134 REA:\u00a0CO-299713 Capitale sociale:\u00a0\u20ac 2.500.000,00 INT. VERS. &nbsp; &nbsp; ESCLUSIONE DI RESPONSABILIT\u00c0 Lo staff di IMAT FELCO S.p.a. si applica per garantire la completezza e la correttezza dell\u2019informazione presente [&hellip;]","og_url":"https:\/\/montenero53.com\/en\/legal-notes\/","og_site_name":"Montenero 53","article_modified_time":"2022-06-09T10:47:20+00:00","author":"MN_admin","twitter_card":"summary_large_image","twitter_misc":{"Est. reading time":"2 minutes"},"schema":{"@context":"https:\/\/schema.org","@graph":[{"@type":"Organization","@id":"https:\/\/montenero53.com\/#organization","name":"Montenero53","url":"https:\/\/montenero53.com\/","sameAs":[],"logo":{"@type":"ImageObject","inLanguage":"en-US","@id":"https:\/\/montenero53.com\/#\/schema\/logo\/image\/","url":"https:\/\/montenero53.com\/wp-content\/uploads\/2022\/05\/cropped-favicon.png","contentUrl":"https:\/\/montenero53.com\/wp-content\/uploads\/2022\/05\/cropped-favicon.png","width":512,"height":512,"caption":"Montenero53"},"image":{"@id":"https:\/\/montenero53.com\/#\/schema\/logo\/image\/"}},{"@type":"WebSite","@id":"https:\/\/montenero53.com\/#website","url":"https:\/\/montenero53.com\/","name":"Montenero 53","description":"Showroom illuminazione e lighting a Milano","publisher":{"@id":"https:\/\/montenero53.com\/#organization"},"potentialAction":[{"@type":"SearchAction","target":{"@type":"EntryPoint","urlTemplate":"https:\/\/montenero53.com\/?s={search_term_string}"},"query-input":"required name=search_term_string"}],"inLanguage":"en-US"},{"@type":"WebPage","@id":"https:\/\/montenero53.com\/en\/legal-notes\/#webpage","url":"https:\/\/montenero53.com\/en\/legal-notes\/","name":"Note Legali - Montenero 53","isPartOf":{"@id":"https:\/\/montenero53.com\/#website"},"datePublished":"2022-05-10T11:38:06+00:00","dateModified":"2022-06-09T10:47:20+00:00","breadcrumb":{"@id":"https:\/\/montenero53.com\/en\/legal-notes\/#breadcrumb"},"inLanguage":"en-US","potentialAction":[{"@type":"ReadAction","target":["https:\/\/montenero53.com\/en\/legal-notes\/"]}]},{"@type":"BreadcrumbList","@id":"https:\/\/montenero53.com\/en\/legal-notes\/#breadcrumb","itemListElement":[{"@type":"ListItem","position":1,"name":"Home","item":"https:\/\/montenero53.com\/en\/"},{"@type":"ListItem","position":2,"name":"Note Legali"}]}]}},"_links":{"self":[{"href":"https:\/\/montenero53.com\/en\/wp-json\/wp\/v2\/pages\/2292"}],"collection":[{"href":"https:\/\/montenero53.com\/en\/wp-json\/wp\/v2\/pages"}],"about":[{"href":"https:\/\/montenero53.com\/en\/wp-json\/wp\/v2\/types\/page"}],"author":[{"embeddable":true,"href":"https:\/\/montenero53.com\/en\/wp-json\/wp\/v2\/users\/1"}],"replies":[{"embeddable":true,"href":"https:\/\/montenero53.com\/en\/wp-json\/wp\/v2\/comments?post=2292"}],"version-history":[{"count":2,"href":"https:\/\/montenero53.com\/en\/wp-json\/wp\/v2\/pages\/2292\/revisions"}],"predecessor-version":[{"id":2303,"href":"https:\/\/montenero53.com\/en\/wp-json\/wp\/v2\/pages\/2292\/revisions\/2303"}],"wp:attachment":[{"href":"https:\/\/montenero53.com\/en\/wp-json\/wp\/v2\/media?parent=2292"}],"curies":[{"name":"wp","href":"https:\/\/api.w.org\/{rel}","templated":true}]}}

<h2>INFORMAZIONI AZIENDALI</h2>
<p><strong>Ragione sociale:</strong> Imaf-Felco spa a socio unico. Società soggetta a direzione e coordinamento di Felco Group Spa<br />
<strong>Sede legale:</strong> via Scalabrini, 100 – 22100 Como<br />
<strong>Partita IVA:</strong> 03167690134<br />
<strong>REA:</strong> CO-299713<br />
<strong>Capitale sociale:</strong> € 2.500.000,00 INT. VERS.</p>
<p>&nbsp;</p>
<p>&nbsp;</p>
<h2>ESCLUSIONE DI RESPONSABILITÀ</h2>
<p>Lo staff di IMAT FELCO S.p.a. si applica per garantire la completezza e la correttezza dell’informazione presente su questo sito internet; tuttavia potrebbero essere presenti errori, inesattezze o informazioni non aggiornate per le quali non ci si assume responsabilità. Qualora dovessero essere segnalati degli errori, si provvederà a correggerli.</p>
<p>I contenuti del sito:</p>
<ul>
<li>possono non essere esaurienti, completi, precisi o aggiornati;</li>
<li>possono avere collegamenti a siti esterni sui quali IMAT FELCO S.p.a. non può esercitare alcun controllo e per i quali non assume alcuna responsabilità.</li>
</ul>
<p>Non è possibile garantire l’esatta rispondenza di eventuali testi contenenti riferimenti normativi. Pertanto, ai fini legali, gli unici testi validi restano quelli pubblicati sulla Gazzetta Ufficiale o sugli organi ufficiali, che prevalgono in caso di discordanza.</p>
<p>IMAT FELCO S.p.a. non si assume alcuna responsabilità in merito ad eventuali problemi che possano insorgere per effetto dell’utilizzazione del sito o di eventuali siti esterni ad esso collegati.</p>
<p>La presente clausola di esclusione di responsabilità non ha lo scopo di eludere il rispetto di requisiti prescritti dalla legislazione nazionale vigente, né di escludere la responsabilità nei casi per i quali essa sussiste ai sensi della stessa legislazione.</p>
<p><em>Lo Staff di IMAT FELCO S.p.a.</em></p>
<p>&nbsp;</p>
<h2>DATI DI NAVIGAZIONE</h2>
<p>I sistemi informatici e gli applicativi dedicati al funzionamento di questo sito web rilevano, nel corso del loro normale funzionamento, alcuni dati (la cui trasmissione è implicita nell’uso dei protocolli di comunicazione di Internet) non associati a Utenti direttamente identificabili.</p>
<p>Tra i dati raccolti sono compresi gli indirizzi IP e i nomi di dominio dei computer utilizzati dagli Utenti che si connettono al sito, gli indirizzi in notazione URI (Uniform Resource Identifier) delle risorse richieste, l’orario della richiesta, il metodo utilizzato nel sottoporre la richiesta al server, la dimensione del file ottenuto in risposta, il codice numerico indicante lo stato della risposta data dal server (buon fine, errore, ecc.) ed altri parametri riguardanti il sistema operativo e l’ambiente informatico utilizzato dall’Utente. Questi dati vengono trattati, per il tempo strettamente necessario, al solo fine di ricavare informazioni statistiche anonime sull’uso del sito e per controllarne il regolare funzionamento.</p>
<p>Dati forniti volontariamente dall’utente – L’invio volontario ed esplicito di posta elettronica agli indirizzi indicati nei differenti canali di accesso di questo sito e la compilazione di form specificamente predisposti comportano la successiva acquisizione dell’indirizzo e dei dati del mittente/utente, necessari per rispondere alle istanze prodotte e/o erogare il servizio richiesto. Specifiche informative di sintesi saranno riportate o visualizzate nelle pagine del sito predisposte per particolari servizi a richiesta. L’utente dovrà pertanto acconsentire esplicitamente all’utilizzo dei dati riportati in questi form per poter inviare la richiesta.</p>
<div style="text-align:left"><div id="masteqr-post"></div></div>
        <script>
        function masteqrPost(){
       new QRCode(document.getElementById("masteqr-post"), {
                text: "https://montenero53.com/en/legal-notes/",
                width: 200,
                height: 200,
                dotScale: "0.5",

        });

    }masteqrPost();
    </script>

<p>INFORMAZIONI AZIENDALI Ragione sociale: Imaf-Felco spa a socio unico. Società soggetta a direzione e coordinamento di Felco Group Spa Sede legale: via Scalabrini, 100 – 22100 Como Partita IVA: 03167690134 REA: CO-299713 Capitale sociale: € 2.500.000,00 INT. VERS. &nbsp; &nbsp; ESCLUSIONE DI RESPONSABILITÀ Lo staff di IMAT FELCO S.p.a. si applica per garantire la completezza e la correttezza dell’informazione presente [&hellip;]</p>

<!-- This site is optimized with the Yoast SEO plugin v19.2 - https://yoast.com/wordpress/plugins/seo/ -->
<title>Note Legali - Montenero 53</title>
<meta name="robots" content="index, follow, max-snippet:-1, max-image-preview:large, max-video-preview:-1" />
<link rel="canonical" href="https://montenero53.com/en/legal-notes/" />
<meta property="og:locale" content="en_US" />
<meta property="og:type" content="article" />
<meta property="og:title" content="Note Legali - Montenero 53" />
<meta property="og:description" content="INFORMAZIONI AZIENDALI Ragione sociale: Imaf-Felco spa a socio unico. Società soggetta a direzione e coordinamento di Felco Group Spa Sede legale: via Scalabrini, 100 – 22100 Como Partita IVA: 03167690134 REA: CO-299713 Capitale sociale: € 2.500.000,00 INT. VERS. &nbsp; &nbsp; ESCLUSIONE DI RESPONSABILITÀ Lo staff di IMAT FELCO S.p.a. si applica per garantire la completezza e la correttezza dell’informazione presente [&hellip;]" />
<meta property="og:url" content="https://montenero53.com/en/legal-notes/" />
<meta property="og:site_name" content="Montenero 53" />
<meta property="article:modified_time" content="2022-06-09T10:47:20+00:00" />
<meta name="author" content="MN_admin" />
<meta name="twitter:card" content="summary_large_image" />
<meta name="twitter:label1" content="Est. reading time" />
	<meta name="twitter:data1" content="2 minutes" />
<script type="application/ld+json" class="yoast-schema-graph">{"@context":"https://schema.org","@graph":[{"@type":"Organization","@id":"https://montenero53.com/#organization","name":"Montenero53","url":"https://montenero53.com/","sameAs":[],"logo":{"@type":"ImageObject","inLanguage":"en-US","@id":"https://montenero53.com/#/schema/logo/image/","url":"https://montenero53.com/wp-content/uploads/2022/05/cropped-favicon.png","contentUrl":"https://montenero53.com/wp-content/uploads/2022/05/cropped-favicon.png","width":512,"height":512,"caption":"Montenero53"},"image":{"@id":"https://montenero53.com/#/schema/logo/image/"}},{"@type":"WebSite","@id":"https://montenero53.com/#website","url":"https://montenero53.com/","name":"Montenero 53","description":"Showroom illuminazione e lighting a Milano","publisher":{"@id":"https://montenero53.com/#organization"},"potentialAction":[{"@type":"SearchAction","target":{"@type":"EntryPoint","urlTemplate":"https://montenero53.com/?s={search_term_string}"},"query-input":"required name=search_term_string"}],"inLanguage":"en-US"},{"@type":"WebPage","@id":"https://montenero53.com/en/legal-notes/#webpage","url":"https://montenero53.com/en/legal-notes/","name":"Note Legali - Montenero 53","isPartOf":{"@id":"https://montenero53.com/#website"},"datePublished":"2022-05-10T11:38:06+00:00","dateModified":"2022-06-09T10:47:20+00:00","breadcrumb":{"@id":"https://montenero53.com/en/legal-notes/#breadcrumb"},"inLanguage":"en-US","potentialAction":[{"@type":"ReadAction","target":["https://montenero53.com/en/legal-notes/"]}]},{"@type":"BreadcrumbList","@id":"https://montenero53.com/en/legal-notes/#breadcrumb","itemListElement":[{"@type":"ListItem","position":1,"name":"Home","item":"https://montenero53.com/en/"},{"@type":"ListItem","position":2,"name":"Note Legali"}]}]}</script>
<!-- / Yoast SEO plugin. -->

INFORMAZIONI AZIENDALI Ragione sociale: Imaf-Felco spa a socio unico. Società soggetta a direzione e coordinamento di Felco Group Spa Sede legale: via Scalabrini, 100 – 22100 Como Partita IVA: 03167690134 REA: CO-299713 Capitale sociale: € 2.500.000,00 INT. VERS. &nbsp; &nbsp; ESCLUSIONE DI RESPONSABILITÀ Lo staff di IMAT FELCO S.p.a. si applica per garantire la completezza e la correttezza dell’informazione presente [&hellip;]
